s digit of (1 - (-26)/(-6))*i?
0
Let j(k) = -2*k - 3. Let b be j(-3). Suppose b*q = 6*q - 204. Suppose 0*w + 4*w = q. What is the units digit of w?
7
Let m be 6/4*(21 - -1). Suppose -5*x - t = -26, 5*x - t - 21 = 3*t. Suppose x*h + 8 = m. What is the units digit of h?
5
Let o be 1 - -1 - (-12 + 10). Let i(y) = y**3 - 5*y**2 + 4*y + 3. What is the units digit of i(o)?
3
Suppose 0 = -y + 2. Let t(o) = 7*o**3 - 2*o**2 - 4*o - 7. Let b(h) = -4*h**3 + h**2 + 2*h + 4. Let l(r) = -5*b(r) - 3*t(r). What is the units digit of l(y)?
1
Suppose 5*l + 4*y - 371 = 0, l - 5*y = -2*y + 78. What is the units digit of l?
5
What is the units digit of (-1)/(3/(-11*3))?
1
What is the units digit of (-224)/(-8) + (0 - 1)?
7
Let i be (-1)/(2*3/(-12)). Suppose -2*d = -3*a - a + 190, -i*d = a - 35. What is the tens digit of a?
4
Let i = 2 - -12. What is the units digit of (-1 + 4)/(3/i)?
4
Suppose -17*j + 875 = -12*j. What is the units digit of j?
5
What is the units digit of 36 + (-6 - -2 - -3)?
5
Let m(f) = f**2 - 7*f + 8. Let x(j) = -10*j**3 - 1. Let p be x(-1). What is the tens digit of m(p)?
2
Let a = 19 - -9. Suppose 65 = 5*w + 3*d - a, 2*w + 5*d = 41. Suppose -u = u - w. What is the units digit of u?
9
Let t(m) = 4*m**2 - 2*m - 3. What is the tens digit of t(-3)?
3
Let h = 9 - 8. What is the tens digit of -1 - (h + 15*-1)?
1
Suppose -2*a = -254 - 240. What is the hundreds digit of a?
2
Suppose -53 - 57 = -5*f. What is the tens digit of f?
2
Let v be 1 - (-3)/3 - -2. Let f(j) = -v*j - 5 + 0 + 8. What is the tens digit of f(-3)?
1
Let b = 87 - 55. What is the tens digit of b?
3
Suppose -1 = a - 2*a. Let x = a - -2. Suppose 0*i + x = 3*i. What is the units digit of i?
1
Suppose 3*z + 3*l = 66, 0 = l + 5 - 2. What is the tens digit of z?
2
Let v(n) = 3*n + 1. Let q(p) = 4*p. Let t be (-1 + 0)*2 - 1. Let l(w) = t*v(w) + 2*q(w). What is the units digit of l(-6)?
3
Let v(t) = -t**2 + 7*t - 2. Let q be v(5). Suppose -q = -5*m + 3*f - 3, -3*m + 5*f - 13 = 0. Suppose p + 3*p = m. What is the units digit of p?
1
Let s(d) = d + 5. Let q be s(-6). Let p be 0/q*(-1 + 0). Suppose 2*c + p*c - 2 = 0. What is the units digit of c?
1
Suppose 4 = 2*s - 0*s. Let g(a) = a**2 - 2 + 0*a**s + 2*a + 1 - 3. What is the units digit of g(-4)?
4
Let m = 100 + -53. What is the units digit of m?
7
Suppose -2*b = -53 - 35. What is the tens digit of b?
4
Let z be (-145)/(-20) - 3/(-4). Suppose -17 = -v - k, 3*k - z = 4. What is the units digit of v?
3
Let z(k) be the second derivative of k**3/6 + 3*k**2/2 + 2*k. What is the units digit of z(3)?
6
Suppose r = g - 3 + 1, 0 = -3*r - 5*g + 26. Suppose o - 2*b - 13 = r*b, -b = 5*o - 86. What is the units digit of o?
7
Suppose -3*s - s - 3*i = -11, 3*s = 5*i + 1. Suppose f + 39 = s*q, -q + 81 = 3*q - 3*f. What is the units digit of q?
8
Let h be 32/24*3*1. Suppose 4*g + 32 = 2*r, 2*g = 4*r - 0*g - 58. Suppose h*y = 2*z + r, 0 = y - 6*y - 2*z + 4. What is the units digit of y?
2
Suppose -71 = -z + 2*g, 9*z + 2*g = 4*z + 319. What is the tens digit of z?
6
Let j = -15 + 26. Let h = j - 8. What is the units digit of h?
3
Suppose 606 - 70 = -5*g - 4*t, -500 = 5*g - 5*t. What is the units digit of g/14*(-56)/16?
6
Suppose 3*x = -1 + 7. Suppose 3 = -2*m + x*u + 5, 2*u = -m + 16. What is the units digit of m?
6
Suppose -9*g = -7*g - 90. What is the units digit of g?
5
Suppose 1 = -2*y + c, 7*c - 3*c = 5*y + 4. Suppose h = z + 17, 2*z = -y*z - 2. What is the units digit of h?
6
Suppose -132 = 2*r - 4*r. What is the tens digit of r?
6
Let j(c) = -c + 1. Let k = 4 - 7. Let s be j(k). What is the units digit of (-28)/2*(-2)/s?
7
Suppose 0*t - 3*t - 15 = 0. Let w = 6 + t. What is the units digit of (-9)/(-2)*(w + 1)?
9
What is the hundreds digit of (-3 + 846)*(-1 + 2)/3?
2
Let a(u) = -3*u + 14. Let s(n) = -5*n + 21. Let m(d) = -8*a(d) + 5*s(d). Let x be m(-5). What is the units digit of (1 - x/(-6))*18?
2
Suppose 0 = -j + 3*o + 38, 5*o + 46 + 94 = 5*j. What is the tens digit of j?
2
Let o(j) = -j**3 - 11*j**2 - 11*j - 4. Let a be o(-10). Let m(u) = -u**3 + 8*u**2 - 3*u + 3. What is the units digit of m(a)?
7
Suppose -3*s - q = -2, 3*s + 2 = -q + 2*q. Let a(j) = j + 11. Let u be a(s). Suppose -2*l + 0*l - u = -3*k, -2*k + 22 = -5*l. What is the units digit of k?
1
Let u(f) = -5*f + f**3 + 4*f + 0*f**2 + 2 + 0*f + 8*f**2. What is the tens digit of u(-8)?
1
Suppose 2*m - 2*w = 70, 2*m + 4*w + 180 = 7*m. What is the units digit of m?
0
Suppose -3*z = 2*o - o + 11, -5*o - 21 = -2*z. What is the units digit of z + (0 + 16)/1?
4
Let k(g) = -g**3 - 6*g**2 + g + 12. Let u be k(-6). Let b be (1 + -3)*(-1 - 12). Suppose 4*p = p - u, 3*p = -4*y + b. What is the units digit of y?
8
Let k(o) = -o. Let c(a) = -a**3 + 5*a**2 + 12*a - 6. Let l(j) = -c(j) - 6*k(j). Suppose 2*v = 5*s - 24, -s - v + 12 = v. What is the units digit of l(s)?
6
Suppose 4*z - 79 = -3*w, w - 69 = -z - 3*z. Let i = z - 7. What is the units digit of i?
9
Let u(z) = -z**2 + 6*z + 4. Let c be u(6). Suppose -3*j - 2*j - 4*p = -95, j + 5 = c*p. What is the units digit of j?
5
Let u be -2 + (1*14 - 0). Let x = u - 4. Let i = x - 0. What is the units digit of i?
8
Suppose 9*z - 11*z = -112. What is the units digit of z?
6
What is the units digit of 4/(-14) + 3368/28 + -5?
5
Let u(s) = s**2 + 4*s + 5. Let j be u(-5). Let r be (1/2 + 0)*32. Let z = r - j. What is the units digit of z?
6
Let q(s) = s**3 - 6*s**2 - 6*s - 1. Suppose 3*w - 2*x = 42, 3*w - 5*x = -0*x + 33. Let t be 4/w - 54/(-8). What is the units digit of q(t)?
6
Let l(j) = -j**3 - j**2 + 4*j - 5. What is the tens digit of l(-4)?
2
Let x(u) = u + 9. Let n be x(-7). What is the units digit of 178/14 - n/(-7)?
3
Suppose v = 2*v. Suppose 0 = 3*h - 4*q + 1, v = 2*h - 6*h + q + 16. What is the units digit of h?
5
Let m(h) = -h + 33. What is the tens digit of m(0)?
3
Suppose 4*z = t - 57, -z = 5*t + z - 351. What is the units digit of t?
9
Suppose -5*o + 18 + 331 = 2*v, -2*v = o - 73. What is the units digit of o?
9
Suppose 0 = 3*c + 3*g - 9, 10 = 2*c - 2*g + 4. Let r be (2 + -1)*(-2 + 4). Suppose c*m = r + 1. What is the units digit of m?
1
Suppose 5*v - 925 = -5*l, -3*l + 559 = v + v. What is the hundreds digit of l?
1
What is the tens digit of 35 - 3/(3/(-1))?
3
Let y(x) = 5*x**2 + 7*x - 8. Suppose 4*c = 2*q + 18, 0 = -2*q + 5*c - 6 - 16. Let g(n) = n**2. Let v(w) = q*y(w) + 6*g(w). What is the units digit of v(7)?
8
What is the tens digit of (34 + 1 + -1)/1?
3
Suppose 53 = z - 4*j, -4*j + 223 = 3*z - 0*z. What is the units digit of z?
9
Let o = 10 + -10. Let d = 8 - o. What is the units digit of d?
8
Let y = -95 + 135. Let r = y + -26. What is the units digit of r?
4
Let m(h) = h**3 + 6*h**2 - h - 2. Let s be m(-6). Suppose -4*n = k - 368, -2*n - 184 = -4*n - 4*k. Suppose -s*f - 24 = -n. What is the tens digit of f?
1
Suppose 47 = 4*u - 45. What is the tens digit of u?
2
Suppose 3*k + 24 = k - 3*z, 2*z = 3*k + 10. Let a(j) = -7*j - 8. What is the units digit of a(k)?
4
Let d = -80 - -122. Suppose -6*x + d = -2*x - 2*v, x + 5*v + 6 = 0. What is the units digit of x?
9
Suppose 3*q + 0 = 12. What is the units digit of q?
4
Suppose -5*l + 678 = -2*o + 4*o, l = 4*o + 118. What is the tens digit of l?
3
Let j(k) be the first derivative of 9*k**2/2 + k + 1. Let r be j(2). What is the units digit of (-10)/(-15) + r/3?
7
Let u(a) = 22*a**2 + 2*a - 1. What is the tens digit of u(2)?
9
Let k = 66 + 42. What is the units digit of k?
8
Let u(a) = 30*a + 1. What is the tens digit of u(1)?
3
Suppose 0 = -6*s + 11 + 1. What is the units digit of s?
2
Let m be 2 - 0 - (3 - 1). Let j = -2 + m. Let l = j + 3. What is the units digit of l?
1
Let q = 8 + -71. Let o = 3 - q. Suppose -4*i + o = 14. What is the tens digit of i?
1
Let k be ((-4)/(-6) - 1)*-12. Let q be (-1)/(-4) + 11/4. Suppose -q = -k*w + 1. What is the units digit of w?
1
Let f = -6 + 3. What is the units digit of f/15 + (-16)/(-5)?
3
Suppose -4*d = 8 + 8, 2*w - 4 = 4*d. Let l(h) = h**2 + 4*h - 4. What is the units digit of l(w)?
8
Suppose -2*w = -6 - 22. Let d = w - 9. What is the units digit of d?
5
Let f(u) = -u**2 + 8*u + 10. Let m be f(9). Let j be (m/2)/(6/96). What is the units digit of j/2*2/2?
4
Let g(t) = t**3 + 7*t**2 + 1. Suppose -4 + 0 = 4*c, 0 = -p + c + 4. Suppose 5*b = -5*h - 40, 0 = h -